{"id":26,"date":"2021-04-06T23:12:26","date_gmt":"2021-04-06T21:12:26","guid":{"rendered":"http:\/\/nursingreview.eu\/?page_id=26"},"modified":"2025-12-19T11:48:32","modified_gmt":"2025-12-19T10:48:32","slug":"for-authors","status":"publish","type":"page","link":"https:\/\/nursingreview.eu\/?page_id=26","title":{"rendered":"For Authors"},"content":{"rendered":"\n<p>\u201cThe Central European Nursing Review\u201d is an interdisciplanary peer-reviewed academic journal, which publishes articles prepared at editorial board\u2019s invitation, original works, case studies, review articles, opinion articles, commentaries to published works, summaries of world literature as well as other reports found substantive.&nbsp;&nbsp;&nbsp;&nbsp;&nbsp;&nbsp;<\/p>\n\n\n\n<p class=\"has-medium-font-size\"><strong>General remarks<\/strong><\/p>\n\n\n\n<p>All texts are published in English. The journal \u201cThe Central European Nursing Review\u201d comply with the standards recommended by COPE (Committee on Publication Ethics) concerning the criteria of authorship and\/or who should be named as an co-author.&nbsp; All information on the above-mentioned criteria can be found in the COPE report: <a href=\"http:\/\/publicationethics.org\/files\/2003pdf12_0.pdf\">publicationeticsics.org\/files\/2003pdf12_0.pdf <\/a>.<\/p>\n\n\n\n<p>The paper should be written succinctly, impeccably as regards the style, with proper nomenclature. The editorial remarks made by the editorial board are consulted with authors only when they concern substantive issues; in the rest of cases they are made without consultation. The authors are obliged to make a statement in the cover letter that the paper has not been released yet and it was not sent to publishing in another journal. The editorial board accepts for publishing only these papers which were recognized by the reviewers as compatible with the problematics of the journal as well as materially contributing to the progres in science and in clinical aspect. Authors\u2019 signatures at the title page are tantamount to the declaration that:<\/p>\n\n\n\n<ul class=\"wp-block-list\">\n<li>the paper is the work of all named authors;<\/li>\n\n\n\n<li>research results were not earlier published or accepted for publishing in other periodical;<\/li>\n\n\n\n<li>all authors named at title page expressed assent for publication of this paper in \u201cThe Central European Nursing Review\u201d<\/li>\n<\/ul>\n\n\n\n<p>Authors receive confirmation of acceptance of their papers for assessment. Articles are evaluated by reviewers and \u2013 if so needed \u2013 by the consultant to statistics.<\/p>\n\n\n\n<p>The editorial board comply with the rules encompassed in the Declaration of Helsinki and absolutely requires the authors to conduct all researches with human participation in accordance with these rules as well as in accordance with ethical standards enacted by the appropriate ethical committee.<\/p>\n\n\n\n<p class=\"has-medium-font-size\"><strong>Patient\u2019s data protection<\/strong><\/p>\n\n\n\n<p>The editorial board does not allow manipulations and implementation of changes in patient\u2019s data which would be aimed at protection of his\/her identity. The authors absolutely should guard patient\u2019s privacy, publish merely data having scientific significance and not reveal any information which could anyhow enable his\/her personal identification (for example, case record, initials of name and surname, photos of facial images, photos of test results on which patient\u2019s data are positioned, etc.). Information regarding race, ethnic and cultural background, religious faith of descripted patient can be allowed exclusively if such information is relevant for science and impacts upon the course of treatment or disease.<\/p>\n\n\n\n<p class=\"has-medium-font-size\"><strong>Statement<\/strong><\/p>\n\n\n\n<p>An absolute requirement for paper\u2019s acceptance to editorial process is submitting <a href=\"http:\/\/nursingreview.eu\/wp-content\/uploads\/2021\/09\/Statement.docx\"><strong><span class=\"has-inline-color has-green-color\">Authors\u2019 Statement<\/span><\/strong>,<\/a> which should be sent together with manusript advanced to publish. The lack of the above-mentioned document signed by all authors and sent to the editorial office in original explicitly excludes the paper\u2019s acceptance.<\/p>\n\n\n\n<p class=\"has-medium-font-size\"><strong>Procedure of reviewing and accepting papers<\/strong><\/p>\n\n\n\n<p>The editorial board adheres to the rules of reviewing papers sent to \u201cThe Central European Nursing Review\u201d in accordance with Uniform Requirements for Manuscripts Sub-mitted to Biomedical Journals ICMJE and Ministry of Education and Science guidelines. Papers sent to the editorial office are initially assessed by the editor-in-chief and thematic editors. Manuscripts which do not meet the principal conditions of publication are rejected. Incomplete articles or articles prepared in a style inconsistent with the rules set out below are rejected by the editors without substantive evaluation. The main author of the paper is informed about it immediately, without initiating the review proces.<\/p>\n\n\n\n<p>Other articles are peer-reviewed by independent reviewers, in a model in which authors and reviewers do not know their respective identities (so-called <em>double-blind review proces<\/em>). The maximum waiting time for a review is two months.<\/p>\n\n\n\n<p>To evaluate each pre-qualified paper, the editorial board appoints independent reviewers, from outside the entity from which the authors come. In case of positive evaluation, the paper is qualified for release.<\/p>\n\n\n\n<p>The review must be prepared in written form and contain the unequivocal motion for the acceptance or rejection of the paper.<\/p>\n\n\n\n<p>&nbsp;Reviewer\u2019s remarks along with request for implementation of appropriate corrections the editorial board conveys to the author indicated in the paper as a person responsible for correspondence.<\/p>\n\n\n\n<p>The ultimate decision to qualify the article for publication is taken upon the condition that the Author corrects the paper according to the guidelines included in the review.<\/p>\n\n\n\n<p class=\"has-medium-font-size\"><strong>Manuscript upload<\/strong><\/p>\n\n\n\n<p>The article should be sent to the editorial office in an electronic version (it involves tables, figures and photos). The manusript should bear a cover letter containing the full name and surname, address, telephone number as well as e-mail address of the corresponding author along with the declaration of manusript\u2019s acceptance by all the authors.<\/p>\n\n\n\n<p>The materials mentioned above should be send to the editorial office.<\/p>\n\n\n\n<p class=\"has-medium-font-size\"><strong>Preparation of manuscript<\/strong><\/p>\n\n\n\n<p><strong>Original articles:<\/strong><\/p>\n\n\n\n<ul class=\"wp-block-list\">\n<li>Introduction \u2013 which should describe the substantive background of the research, summarizing the theoretical and empirical foundations of the study and its rationale;<\/li>\n\n\n\n<li>Purpose of the study \u2013 clearly stated, referring to the information contained in the introduction;<\/li>\n\n\n\n<li>Materials and methods \u2013 the description should be detailed enough to allow for replication of the study; the chosen statistical method should be indicated; if previously published methods are used, bibliographic references should be provided;<\/li>\n\n\n\n<li>Results \u2013 clear and concise, without detailed repetition of information contained in tables and figures;<\/li>\n\n\n\n<li>Discussion \u2013 should consider the significance of the research findings in the context of the literature;<\/li>\n\n\n\n<li>Conclusions \u2013 should reflect the purpose of the study and be closely based on the results obtained during the work and the discussion.<br>In non-original articles, the text should be organized logically.<\/li>\n<\/ul>\n\n\n\n<p><strong>Case Studies:<\/strong><\/p>\n\n\n\n<ul class=\"wp-block-list\">\n<li>Introduction \u2013 reason for interest in the case;<\/li>\n\n\n\n<li>Purpose of the study;<\/li>\n\n\n\n<li>Case description, discussion of characteristic symptoms, treatment results, etc.;<\/li>\n\n\n\n<li>Summary\/Conclusions.<\/li>\n<\/ul>\n\n\n\n<p><strong>Review articles:<\/strong><\/p>\n\n\n\n<ul class=\"wp-block-list\">\n<li>Introduction;<\/li>\n\n\n\n<li>Subsequent chapters with concise titles and summaries;<\/li>\n\n\n\n<li>Summary\/Conclusions \u2013 should include your own reflections based on the literature review.<\/li>\n<\/ul>\n\n\n\n<p class=\"has-medium-font-size\"><strong>Detailed editorial requirements<\/strong>:<\/p>\n\n\n\n<p><strong>RULES FOR PREPARING MANUSCRIPTS FOR THE JOURNAL<\/strong><\/p>\n\n\n\n<p><em><strong>Central European Nursing Review<\/strong><\/em><\/p>\n\n\n\n<p><strong>Part I: General Editorial Requirements<\/strong><\/p>\n\n\n\n<p>Central European Nursing Review is an interdisciplinary, peer-reviewed scientific journal that publishes articles prepared at the invitation of the Editorial Board, original research papers, case studies, review articles, opinion pieces, commentaries on published works, summaries of international literature, as well as other reports deemed substantively relevant.<\/p>\n\n\n\n<p>Authors are kindly requested to comply with the editorial requirements, paying particular attention to the rules for preparing references, bibliographies, and illustrative materials, which will significantly facilitate the preparation of the manuscript for publication. Submissions that do not meet these requirements will be categorically rejected.<\/p>\n\n\n\n<p><strong>Guidelines for Writing <\/strong><strong>Articles \u2013 Required Structure of the Manuscript.<\/strong><\/p>\n\n\n\n<p><strong>Original Articles:<\/strong><\/p>\n\n\n\n<ul class=\"wp-block-list\">\n<li>Aim of the study \u2013 clearly defined and referring to the information presented in the introduction;<\/li>\n\n\n\n<li>Material and methods \u2013 the description should be sufficiently detailed to allow the study to be replicated; the applied statistical method should be specified; in the case of using previously published methods, appropriate bibliographic references must be provided;<\/li>\n\n\n\n<li>Results \u2013 clear and concise, without detailed repetition of information already included in tables and figures;<\/li>\n\n\n\n<li>Discussion \u2013 should address the significance of the authors\u2019 own results in the context of the relevant literature;<\/li>\n\n\n\n<li>Conclusions \u2013 should reflect the aim of the study and be strictly based on the results obtained during the research and the discussion conducted.<\/li>\n<\/ul>\n\n\n\n<p>For articles other than original research papers, a logical structure of the text should be maintained.<\/p>\n\n\n\n<p><strong>Case studies:<\/strong><\/p>\n\n\n\n<ul class=\"wp-block-list\">\n<li>Introduction \u2013 the reason for interest in the case;<\/li>\n\n\n\n<li>Aim of the study;<\/li>\n\n\n\n<li>Case description \u2013 discussion of characteristic symptoms, treatment outcomes, etc.;<\/li>\n<\/ul>\n\n\n\n<p>Summary \/ Conclusions.<\/p>\n\n\n\n<p><strong>Review articles:<\/strong><\/p>\n\n\n\n<ul class=\"wp-block-list\">\n<li>Introduction;<\/li>\n\n\n\n<li>Subsequent sections \u2013 with concise titles, including summaries for each section;<\/li>\n\n\n\n<li>Summary \/ Conclusions** \u2013 should include the author\u2019s own reflections, derived from the conducted literature review.<\/li>\n<\/ul>\n\n\n\n<p>In justified cases, it is recommended to seek the assistance of a statistician when compiling data.<\/p>\n\n\n\n<p><strong>Part II: Editorial Requirements<\/strong><\/p>\n\n\n\n<ol class=\"wp-block-list\">\n<li>Text editor \u2013 MS Word.<\/li>\n\n\n\n<li>File type \u2013 doc, docx.<\/li>\n\n\n\n<li>Font \u2013 Times New Roman, 12 pt.<\/li>\n\n\n\n<li>No page numbering.<\/li>\n\n\n\n<li>Line spacing \u2013 1.5.<\/li>\n\n\n\n<li>Paragraph indentation \u2013 1.25 cm.<\/li>\n\n\n\n<li>Text alignment \u2013 justified to the right margin.<\/li>\n\n\n\n<li>On the first page \u2013 top left corner:<\/li>\n<\/ol>\n\n\n\n<ul class=\"wp-block-list\">\n<li>Author\u2019s full name \u2013 plain text, 10 pt, bold; surname in uppercase; include a footnote with author information \u2013 10 pt, single line spacing; right-aligned;<\/li>\n\n\n\n<li>Country of origin \u2013 10 pt, italic, bold; single line spacing.<\/li>\n<\/ul>\n\n\n\n<ol start=\"9\" class=\"wp-block-list\">\n<li>Title of the work \u2013 14 pt, centered, uppercase, bold.<\/li>\n\n\n\n<li>Abstract (no more than 250 words) \u2013 12 pt, italic, bold; starting from the left margin: after a colon, continuous text \u2013 12 pt, italic, regular.<\/li>\n\n\n\n<li>Keywords \u2013 italic, bold; starting from the left margin: after a colon, 4\u20135 words (according to Index Medicus (<em>Medical Subject Headings<\/em>, MeSH), italic, regular.<\/li>\n\n\n\n<li>Chapter and subsection titles \u2013 centered, 12 pt, regular, bold.<\/li>\n\n\n\n<li>Tables:<\/li>\n<\/ol>\n\n\n\n<ol class=\"wp-block-list\">\n<li>Number and title above the table (e.g., Tab. 1. title), 12 pt, italic, not bold, starting from the left margin;<\/li>\n\n\n\n<li>Below the table \u2013 source description (Source: \u2026), author\u2019s comment, footnote, etc., 10 pt, regular, single line spacing, starting from the left margin;<\/li>\n\n\n\n<li>Tables should be formatted using a grid with uniform line thickness;<\/li>\n\n\n\n<li>Text in table headers may be formatted (bold, centered).<\/li>\n\n\n\n<li>Diagrams, figures, charts, illustrations:<\/li>\n<\/ol>\n\n\n\n<ul class=\"wp-block-list\">\n<li>Number and title below the diagram\/figure\/chart\/illustration (e.g., <em>Fig. 1. title<\/em>), 12 pt, italic, not bold, starting from the left margin;<\/li>\n\n\n\n<li>Below the number and title \u2013 source (Source: \u2026), author\u2019s comment, footnote, etc., 10 pt, regular, single line spacing, starting from the left margin.<\/li>\n<\/ul>\n\n\n\n<ol start=\"15\" class=\"wp-block-list\">\n<li>Text within tables, figures, charts, and diagrams \u2013 10 pt, single line spacing.<\/li>\n\n\n\n<li>Tables, diagrams, figures, charts, and illustrations should be placed in the appropriate location in the text with references, e.g., (tab. 1), (fig. 1), using continuous numbering throughout the paper.<\/li>\n\n\n\n<li>Attached figures and diagrams from EXCEL and their graphic versions should be sent separately via email (format: JPG, GIF, PNG, etc.), ready to insert into Word and web, in separate high-quality files.<\/li>\n\n\n\n<li>Latin words in the text should be italicized.<\/li>\n\n\n\n<li>Names of authors, politicians, and all other people mentioned in the text:<\/li>\n<\/ol>\n\n\n\n<ol class=\"wp-block-list\">\n<li>First mention \u2013 full name;<\/li>\n\n\n\n<li>Subsequent mentions \u2013 initials and surname, or only surname, or academic title and surname.<\/li>\n<\/ol>\n\n\n\n<ol start=\"20\" class=\"wp-block-list\">\n<li>Do not place spaces between initials (example: WB. Johnson).<\/li>\n\n\n\n<li>Do not place spaces before the following punctuation marks: comma, period, colon, semicolon, opening and closing parentheses, quotation marks, footnote references.<\/li>\n\n\n\n<li>Titles of books, chapters, and articles in the text \u2013 italic, without quotation marks.<\/li>\n\n\n\n<li>Titles of journals, newspapers, periodicals, and research projects in the text \u2013 in quotation marks, plain text.<\/li>\n\n\n\n<li>\u201eQuotes placed in the text\u201d \u2013 in quotation marks, plain text.<\/li>\n\n\n\n<li>Text sections may be highlighted in <strong>bold<\/strong>, do not use underline, <em>italics<\/em>, or l e t t e r s p a c i n g.<\/li>\n\n\n\n<li>For bullet points, use automatic bullet (dot), applied consistently throughout the text.<\/li>\n<\/ol>\n\n\n\n<p><strong>Part III: Rules for Creating In-Text Citations<\/strong><\/p>\n\n\n\n<p>References according to the <strong>Vancouver<\/strong> standard \u2013 citations are numbered in the text in the order they are cited, using numbers in square brackets. The in-text reference is placed before all punctuation marks, except quotation marks, question marks, and parentheses. A source cited once in the text retains its number for subsequent citations:<\/p>\n\n\n\n<p>Text, text, text, text [1], text text text text [2]. Text text text text [1, 3]. Text, text, text text [2, 4]. Text text text text [5]. Text text text text [3, 6]. \u2026\u2026.<\/p>\n\n\n\n<p>These numbers correspond to the full bibliographic entries, which are placed at the end of the article in the chronological order of citation in the text. Only references essential to the topic of the article should be included; textbooks and congress abstracts should be omitted.<\/p>\n\n\n\n<p><strong>Part IV: Rules for Creating the Bibliography<\/strong><\/p>\n\n\n\n<p>The bibliography at the end of the article must be arranged according to the order of citation in the text (not in alphabetical order), following specific formatting rules.<\/p>\n\n\n\n<p>Punctuation marks separating entries \u2013 periods, colons, commas, semicolons \u2013 are of particular importance.<\/p>\n\n\n\n<p>In Polish-language entries, Polish names and abbreviations should be used; in English-language entries, English names and abbreviations should be used.<\/p>\n\n\n\n<p>The number of bibliographic entries should not exceed 30 for original articles and case studies, and 60 for review articles.<\/p>\n\n\n\n<p><strong>Examples<\/strong><\/p>\n\n\n\n<p><strong>Legal Act:<\/strong><\/p>\n\n\n\n<p><em>Name of the act, Journal of Laws or other collection of legal acts, year, item <\/em>(separated by commas, as the PubMed standard does not apply to legal acts; the abbreviation for \u201eDziennik Ustaw\u201d is DzU)<\/p>\n\n\n\n<ol class=\"wp-block-list\">\n<li>Regulation of the Minister of Health of 10 November 2023 on the amendment of the regulation amending the regulation on guaranteed services in the field of hospital treatment, DzU 2023, item 2464<\/li>\n<\/ol>\n\n\n\n<p><strong>Article in a serial publication <\/strong>(serial publications are those issued at regular intervals and numbered \u2013 quarterly journals, yearbooks, etc.); if there are more than 2 authors, list the first author followed by the abbreviation *et al.*; separate elements with periods, place a semicolon after the year, and a colon after the issue number (single or double):<\/p>\n\n\n\n<p><em>Author. Title of the article. Name of the serial publication using the standard abbreviations according to the Index Medicus (Medical Subject Headings, MeSH). Year;issue:pages (or electronic article number)<\/em><\/p>\n\n\n\n<ol start=\"2\" class=\"wp-block-list\">\n<li>Rodriguez F, Harrington RA. Cholesterol, cardiovascular risk, statins, PCSK9 inhibitors, and the future of LDL-C lowering. JAMA. 2016;316:1967-1968<\/li>\n\n\n\n<li>Martinez JL. Do bacteria have sex? Nature. 1991;352(6333):288-291<\/li>\n\n\n\n<li>Luc G, et al. Lipoprotein (a) as a predictor of coronary heart disease: the PRIME Study. Atherosclerosis. 2002;163:377-384<\/li>\n\n\n\n<li>Kowalski J, Nowak J. Nozologiczne aspekty b\u00f3l\u00f3w g\u0142owy. J Med. 2007;1:12-27<\/li>\n\n\n\n<li>Hollinworth H et al. Professional Holistic Care for a Person with a Stoma: Online Learning. Br J Nurs. 2004;13:1268-1275<\/li>\n\n\n\n<li>Smith J, Doe J. Advances in cancer therapy. J Oncol. 2020;15(3):123-130<\/li>\n\n\n\n<li>Bie\u0144 A et al. Factors affecting the quality of life and the illness acceptance of pregnant women with diabetes. Int J Environ Res Public Health. 2016;13:1-13<\/li>\n<\/ol>\n\n\n\n<p><strong>Article (chapter) in a collective publication<\/strong> \u2013 for collective works that are not serial publications, the title of the article (chapter) is separated from the title of the collective work by W: (for Polish-language publications) or In: (for English-language publications); similarly, edition is indicated by Wyd. or Ed., volume by Tom or Volume, and editors by Redakcja\/Redaktor or Editor\/Editors.<\/p>\n\n\n\n<p><em>Author. Title of the article (chapter). W: Editor of the collective work. Title of the collective work. Edition (optional). Volume (optional). Place of publication: Publisher; year of publication.<\/em><\/p>\n\n\n\n<ol start=\"9\" class=\"wp-block-list\">\n<li>Flemming R. Gonorrhea in Antiquity. In: Szreter S, editor. The Hidden Affliction: Sexually Transmitted Infections and Infertility in History. Ed. 2. Rochester: University of Rochester Press; 2019<\/li>\n\n\n\n<li>Mroczkowski TF, Wo\u017aniacka A. Opryszczka narz\u0105d\u00f3w p\u0142ciowych. W: Mroczkowski TF, redakcja. Choroby przenoszone drog\u0105 p\u0142ciow\u0105. Wyd. 4. Tom 2. Lublin: Wydawnictwo Czelej; 2022<\/li>\n\n\n\n<li>Grodzicki T, Kocemba J, Skalska A., Redakcja. Geriatria z elementami gerontologii og\u00f3lnej. Podr\u0119cznik dla lekarzy i student\u00f3w. Gda\u0144sk: Wydawnictwo Via Medica; 2007<\/li>\n\n\n\n<li>Butler JM. Sample collection, DNA extraction, and DNA quantitation. In: Butler JM, editor. Forensic DNA typing: biology, technology, and genetics of STR markers. Burlington-London: Elsevier; 2005<\/li>\n<\/ol>\n\n\n\n<p><strong>Monograph<\/strong><\/p>\n\n\n\n<p><em>Author. Title of the publication. Place of publication: Publisher; year of publication<\/em><\/p>\n\n\n\n<ol start=\"13\" class=\"wp-block-list\">\n<li>Zarkower D. Somatic sex determination. WormBook; 2006<\/li>\n\n\n\n<li>B\u0142ajet P. Zdrowie i seks senior\u00f3w. Toru\u0144: Wydawnictwo Naukowe Uniwersytetu Miko\u0142aja Kopernika; 2018<\/li>\n<\/ol>\n\n\n\n<p>15. Bara\u0144ski J. 2000, \u015amier\u0107 i zmys\u0142y. Doznania, wyobra\u017cenia, przemijanie, Wroc\u0142aw: Wydawnictwo Astrum; 2000<\/p>\n\n\n\n<p><strong>Websites<\/strong><\/p>\n\n\n\n<p><em>Author, title of the online material or portal (if identifiable). Retrieved from: URL, [accessed: date of access]<\/em><\/p>\n\n\n\n<ol start=\"16\" class=\"wp-block-list\">\n<li>Sommers-Flanagan J, Clinical interviewing [e-book]. 5th ed. New York: John Wiley &amp; Sons; 2015. Available from: https:\/\/ebookcentral-proquest-com.libproxy.murdoch.edu.au\/lib\/murdoch\/detail.action?docID=2056179<strong>,<\/strong> [dost\u0119p: 5.01.2025]<\/li>\n\n\n\n<li>Amrhein V, Greenland S, McShane B, Scientists rise up against statistical significance. 2019. Available from: https:\/\/www.nature.com\/articles\/d41586-019-00857-9, [dost\u0119p: 19.08.2019]<\/li>\n<\/ol>\n\n\n\n<p><a><\/a> or<\/p>\n\n\n\n<ol start=\"16\" class=\"wp-block-list\">\n<li>https:\/\/www.nfz.gov.pl\/zarzadzenia-prezesa\/zarzadzenia-prezesa-nfz\/zarzadzenie-nr-1722023dsoz,7725.html<strong>,<\/strong> [dost\u0119p: 5.01.2025]<\/li>\n<\/ol>\n","protected":false},"excerpt":{"rendered":"<p>\u201cThe Central European Nursing Review\u201d is an interdisciplanary peer-reviewed academic journal, which publishes articles prepared at editorial board\u2019s invitation, original works, case studies, review articles, opinion articles, commentaries to published works, summaries of world literature as well as other reports found substantive.&nbsp;&nbsp;&nbsp;&nbsp;&nbsp;&nbsp; General remarks All texts are published in English. The journal \u201cThe Central European &hellip; <a href=\"https:\/\/nursingreview.eu\/?page_id=26\" class=\"more-link\">Continue reading <span class=\"screen-reader-text\">For Authors<\/span> <span class=\"meta-nav\">&rarr;<\/span><\/a><\/p>\n","protected":false},"author":1,"featured_media":0,"parent":0,"menu_order":0,"comment_status":"closed","ping_status":"closed","template":"","meta":{"footnotes":""},"class_list":["post-26","page","type-page","status-publish","hentry"],"yoast_head":"<!-- This site is optimized with the Yoast SEO plugin v16.1.1 - https:\/\/yoast.com\/wordpress\/plugins\/seo\/ -->\n<link rel=\"canonical\" href=\"https:\/\/nursingreview.eu\/?page_id=26\" \/>\n<meta property=\"og:locale\" content=\"en_US\" \/>\n<meta property=\"og:type\" content=\"article\" \/>\n<meta property=\"og:title\" content=\"For Authors - CENTRAL EUROPEAN NURSING REVIEW\" \/>\n<meta property=\"og:description\" content=\"\u201cThe Central European Nursing Review\u201d is an interdisciplanary peer-reviewed academic journal, which publishes articles prepared at editorial board\u2019s invitation, original works, case studies, review articles, opinion articles, commentaries to published works, summaries of world literature as well as other reports found substantive.&nbsp;&nbsp;&nbsp;&nbsp;&nbsp;&nbsp; General remarks All texts are published in English. The journal \u201cThe Central European &hellip; Continue reading For Authors &rarr;\" \/>\n<meta property=\"og:url\" content=\"https:\/\/nursingreview.eu\/?page_id=26\" \/>\n<meta property=\"og:site_name\" content=\"CENTRAL EUROPEAN NURSING REVIEW\" \/>\n<meta property=\"article:modified_time\" content=\"2025-12-19T10:48:32+00:00\" \/>\n<meta name=\"twitter:card\" content=\"summary_large_image\" \/>\n<meta name=\"twitter:label1\" content=\"Est. reading time\">\n\t<meta name=\"twitter:data1\" content=\"7 minutes\">\n<script type=\"application\/ld+json\" class=\"yoast-schema-graph\">{\"@context\":\"https:\/\/schema.org\",\"@graph\":[{\"@type\":\"WebSite\",\"@id\":\"http:\/\/nursingreview.eu\/#website\",\"url\":\"http:\/\/nursingreview.eu\/\",\"name\":\"CENTRAL EUROPEAN NURSING REVIEW\",\"description\":\"\",\"potentialAction\":[{\"@type\":\"SearchAction\",\"target\":\"http:\/\/nursingreview.eu\/?s={search_term_string}\",\"query-input\":\"required name=search_term_string\"}],\"inLanguage\":\"en-US\"},{\"@type\":\"WebPage\",\"@id\":\"https:\/\/nursingreview.eu\/?page_id=26#webpage\",\"url\":\"https:\/\/nursingreview.eu\/?page_id=26\",\"name\":\"For Authors - CENTRAL EUROPEAN NURSING REVIEW\",\"isPartOf\":{\"@id\":\"http:\/\/nursingreview.eu\/#website\"},\"datePublished\":\"2021-04-06T21:12:26+00:00\",\"dateModified\":\"2025-12-19T10:48:32+00:00\",\"breadcrumb\":{\"@id\":\"https:\/\/nursingreview.eu\/?page_id=26#breadcrumb\"},\"inLanguage\":\"en-US\",\"potentialAction\":[{\"@type\":\"ReadAction\",\"target\":[\"https:\/\/nursingreview.eu\/?page_id=26\"]}]},{\"@type\":\"BreadcrumbList\",\"@id\":\"https:\/\/nursingreview.eu\/?page_id=26#breadcrumb\",\"itemListElement\":[{\"@type\":\"ListItem\",\"position\":1,\"item\":{\"@type\":\"WebPage\",\"@id\":\"http:\/\/nursingreview.eu\/\",\"url\":\"http:\/\/nursingreview.eu\/\",\"name\":\"Home\"}},{\"@type\":\"ListItem\",\"position\":2,\"item\":{\"@type\":\"WebPage\",\"@id\":\"https:\/\/nursingreview.eu\/?page_id=26\",\"url\":\"https:\/\/nursingreview.eu\/?page_id=26\",\"name\":\"For Authors\"}}]}]}<\/script>\n<!-- \/ Yoast SEO plugin. -->","_links":{"self":[{"href":"https:\/\/nursingreview.eu\/index.php?rest_route=\/wp\/v2\/pages\/26","targetHints":{"allow":["GET"]}}],"collection":[{"href":"https:\/\/nursingreview.eu\/index.php?rest_route=\/wp\/v2\/pages"}],"about":[{"href":"https:\/\/nursingreview.eu\/index.php?rest_route=\/wp\/v2\/types\/page"}],"author":[{"embeddable":true,"href":"https:\/\/nursingreview.eu\/index.php?rest_route=\/wp\/v2\/users\/1"}],"replies":[{"embeddable":true,"href":"https:\/\/nursingreview.eu\/index.php?rest_route=%2Fwp%2Fv2%2Fcomments&post=26"}],"version-history":[{"count":13,"href":"https:\/\/nursingreview.eu\/index.php?rest_route=\/wp\/v2\/pages\/26\/revisions"}],"predecessor-version":[{"id":515,"href":"https:\/\/nursingreview.eu\/index.php?rest_route=\/wp\/v2\/pages\/26\/revisions\/515"}],"wp:attachment":[{"href":"https:\/\/nursingreview.eu\/index.php?rest_route=%2Fwp%2Fv2%2Fmedia&parent=26"}],"curies":[{"name":"wp","href":"https:\/\/api.w.org\/{rel}","templated":true}]}}